{"id":67,"date":"2015-07-11T16:27:36","date_gmt":"2015-07-11T16:27:36","guid":{"rendered":"http:\/\/reformiert.kirchechemnitz.de\/cms\/?page_id=67"},"modified":"2025-09-20T16:55:36","modified_gmt":"2025-09-20T14:55:36","slug":"foerderverein","status":"publish","type":"page","link":"https:\/\/reformiert.kirchechemnitz.de\/cms\/foerderverein\/","title":{"rendered":"F\u00f6rderverein"},"content":{"rendered":"<p style=\"text-align: left;\">F\u00f6rderverein der Evangelisch-reformierten Kirchengemeinde Chemnitz-Zwickau e.V.<\/p>\n<p style=\"text-align: left;\">Unser 1999 gegr\u00fcndeter &#8222;F\u00f6rderverein f\u00fcr Stadtteilarbeit der Ev.-reformierten Kirchengemeinde Chemnitz-Zwickau&#8220; hat sich im Jahr 2008 umbenannt zum \u201eVerein zur F\u00f6rderung der Evangelisch-reformierten Kirchengemeinde Chemnitz-Zwickau e.V.\u201c<\/p>\n<p style=\"text-align: left;\">Wir wollen damit die Arbeit der Evangelisch-reformierten Kirchengemeinde Chemnitz-Zwickau noch unmittelbarer unterst\u00fctzen.<\/p>\n<p class=\"western\"><span style=\"font-family: Arial, serif;\"><span style=\"font-size: large;\"><b>Spendenaufruf Mai 2025<\/b><\/span><\/span><\/p>\n<p>Der Verein zur F\u00f6rderung unserer Gemeinde hat, wie in der Vergangenheit, die Gemeinde bei der regelm\u00e4ssigen Hausreinigung, der Gartenpflege sowie mit einigen Instandhaltungsmassnahmen am Gemeindehaus unterst\u00fctzt.\u00a0Daneben hat der F\u00f6rderverein 2024 bei der Ausrichtung der Tagung der Bezirkssynode geholfen und auch wieder einen \u201eNachbarschafts-Weihnachtsmarkt\u201c organisiert.<\/p>\n<p>Auch in Zukunft will der F\u00f6rderverein zum Gemeindeleben beitragen und daf\u00fcr den bestehenden \u201eMinijob\u201c weiter finanzieren. Dazu ben\u00f6tigen wir Ihre Hilfe.<\/p>\n<p>Bitte spenden Sie auf das Konto des F\u00f6rdervereins der Ev.-reformierten Kirchengemeinde Chemnitz-Zwickau:<\/p>\n<p>Volksbank Chemnitz &#8211; IBAN: DE60 8709 6214 0321 0114 11 &#8211; BIC GENODEF1CH1<\/p>\n<p>Als Zahlungsgrund geben Sie bitte \u201eSpende\u201c und Ihren Namen an.<\/p>\n<p>Nach Ablauf des Kalenderjahres, auf Wunsch auch fr\u00fcher, erhalten Sie vom Finanzamt anerkannte Spendenbescheinigungen.<\/p>\n<p>Sie k\u00f6nnen dem F\u00f6rderverein auch beitreten! Der F\u00f6rderverein hat gegenw\u00e4rtig 16 Mitglieder, neue Mitglieder sind stets willkommen. Der Jahresbeitrag betr\u00e4gt 24 Euro, es darf aber auch gern mehr sein.<\/p>\n<p>Mit herzlichen Gr\u00fcssen<br \/>\nDirk Nowosatko &#8211; Vorsitzender des F\u00f6rdervereins<br \/>\nund Grit Spatzig &#8211; Stellvertretende Vorsitzende<\/p>\n<p style=\"text-align: justify;\"><a href=\"https:\/\/reformiert.kirchechemnitz.de\/cms\/wp-content\/uploads\/2023\/12\/DSCN7983.jpg\"><img loading=\"lazy\" decoding=\"async\" class=\"alignnone  wp-image-1696\" src=\"https:\/\/reformiert.kirchechemnitz.de\/cms\/wp-content\/uploads\/2023\/12\/DSCN7983-300x169.jpg\" alt=\"\" width=\"666\" height=\"375\" srcset=\"https:\/\/reformiert.kirchechemnitz.de\/cms\/wp-content\/uploads\/2023\/12\/DSCN7983-300x169.jpg 300w, https:\/\/reformiert.kirchechemnitz.de\/cms\/wp-content\/uploads\/2023\/12\/DSCN7983-768x432.jpg 768w, https:\/\/reformiert.kirchechemnitz.de\/cms\/wp-content\/uploads\/2023\/12\/DSCN7983.jpg 992w\" sizes=\"auto, (max-width: 666px) 100vw, 666px\" \/><\/a><\/p>\n<p style=\"text-align: justify;\">.<\/p>\n","protected":false},"excerpt":{"rendered":"<p>F\u00f6rderverein der Evangelisch-reformierten Kirchengemeinde Chemnitz-Zwickau e.V. Unser 1999 gegr\u00fcndeter &#8222;F\u00f6rderverein f\u00fcr Stadtteilarbeit der Ev.-reformierten Kirchengemeinde Chemnitz-Zwickau&#8220; hat sich im Jahr 2008 umbenannt zum \u201eVerein zur F\u00f6rderung der Evangelisch-reformierten Kirchengemeinde Chemnitz-Zwickau e.V.\u201c Wir wollen damit die Arbeit der Evangelisch-reformierten Kirchengemeinde Chemnitz-Zwickau noch unmittelbarer unterst\u00fctzen. Spendenaufruf Mai 2025 Der Verein zur F\u00f6rderung unserer Gemeinde hat, wie in &#8230; <span class=\"more\"><a class=\"more-link\" href=\"https:\/\/reformiert.kirchechemnitz.de\/cms\/foerderverein\/\">[weiterlesen&#8230;]<\/a><\/span><\/p>\n","protected":false},"author":2,"featured_media":0,"parent":0,"menu_order":0,"comment_status":"open","ping_status":"open","template":"","meta":{"footnotes":""},"class_list":["entry","page","publish","author-joerg","post-67"],"_links":{"self":[{"href":"https:\/\/reformiert.kirchechemnitz.de\/cms\/wp-json\/wp\/v2\/pages\/67","targetHints":{"allow":["GET"]}}],"collection":[{"href":"https:\/\/reformiert.kirchechemnitz.de\/cms\/wp-json\/wp\/v2\/pages"}],"about":[{"href":"https:\/\/reformiert.kirchechemnitz.de\/cms\/wp-json\/wp\/v2\/types\/page"}],"author":[{"embeddable":true,"href":"https:\/\/reformiert.kirchechemnitz.de\/cms\/wp-json\/wp\/v2\/users\/2"}],"replies":[{"embeddable":true,"href":"https:\/\/reformiert.kirchechemnitz.de\/cms\/wp-json\/wp\/v2\/comments?post=67"}],"version-history":[{"count":13,"href":"https:\/\/reformiert.kirchechemnitz.de\/cms\/wp-json\/wp\/v2\/pages\/67\/revisions"}],"predecessor-version":[{"id":1824,"href":"https:\/\/reformiert.kirchechemnitz.de\/cms\/wp-json\/wp\/v2\/pages\/67\/revisions\/1824"}],"wp:attachment":[{"href":"https:\/\/reformiert.kirchechemnitz.de\/cms\/wp-json\/wp\/v2\/media?parent=67"}],"curies":[{"name":"wp","href":"https:\/\/api.w.org\/{rel}","templated":true}]}}